se 11, what is -3400 + 1?
-33aa
In base 7, what is 0 + 452?
452
In base 10, what is 6 + -718?
-712
In base 15, what is 5 - 27?
-22
In base 8, what is -750 - -17?
-731
In base 15, what is 5 - -15?
1a
In base 15, what is 1610 + -4?
160b
In base 3, what is -1002 + 12120?
11111
In base 10, what is 8 - -532?
540
In base 10, what is -70 - -32?
-38
In base 10, what is 975 - 5?
970
In base 7, what is 31 + -1014?
-653
In base 5, what is 11134 - -1?
11140
In base 6, what is 5 - -43?
52
In base 6, what is 5 - -15?
24
In base 7, what is -3461 - -5?
-3453
In base 4, what is 111 + 31?
202
In base 9, what is 7 - 880?
-872
In base 7, what is -12 - -42?
30
In base 14, what is ac - -45?
113
In base 7, what is 104 - 32?
42
In base 10, what is 3 - -1249?
1252
In base 4, what is 302 - 1?
301
In base 16, what is -19 - 7?
-20
In base 2, what is 1001 - -11?
1100
In base 5, what is 4 + 212?
221
In base 3, what is -2 + 211?
202
In base 7, what is -2 - 13464?
-13466
In base 14, what is -79 - -3?
-76
In base 14, what is 1 + -15?
-14
In base 5, what is 0 + 1204?
1204
In base 10, what is 105 - -5?
110
In base 14, what is 2a6 + -7?
29d
In base 8, what is 16 + 241?
257
In base 8, what is 4 - -4?
10
In base 16, what is -5 + 18?
13
In base 4, what is 10 - 1032?
-1022
In base 5, what is 2 - -12?
14
In base 9, what is 4 - 61?
-56
In base 4, what is 31230332 - -1?
31230333
In base 12, what is -4 + 6b?
67
In base 3, what is 110 + -1121?
-1011
In base 15, what is -4b - -b?
-40
In base 4, what is -303123 - 2?
-303131
In base 10, what is 48 - 5?
43
In base 8, what is -4 + -23?
-27
In base 11, what is 305 - 3?
302
In base 9, what is -13328 + -2?
-13331
In base 15, what is -2 - -27e?
27c
In base 12, what is 5 - -48?
51
In base 2, what is -10001001111000 + -10?
-10001001111010
In base 2, what is -11101 - -110?
-10111
In base 2, what is 1110111 + -1010?
1101101
In base 3, what is 202101 - -2?
202110
In base 6, what is 1 + 104?
105
In base 2, what is -1101001 + 110?
-1100011
In base 13, what is 78c + 2?
791
In base 10, what is -57 + 1?
-56
In base 5, what is -31442 + -10?
-32002
In base 3, what is 12 - 20012?
-20000
In base 6, what is -3 - -335?
332
In base 8, what is 217 + -34?
163
In base 5, what is 10 + 224?
234
In base 2, what is 11 + 111010?
111101
In base 16, what is -f5 - -5?
-f0
In base 8, what is -1 - -25?
24
In base 2, what is -100 - -110111000?
110110100
In base 16, what is -5 - -7d?
78
In base 6, what is 1324 + 1?
1325
In base 9, what is -43 - 2?
-45
In base 12, what is 13 + 21?
34
In base 5, what is 121 - 313?
-142
In base 16, what is 1f2 + -9?
1e9
In base 13, what is 1 - -162?
163
In base 9, what is 156 + 2?
158
In base 7, what is -14606 - 2?
-14611
In base 2, what is -100101 + 11?
-100010
In base 6, what is 2 - 235?
-233
In base 14, what is -3 + 5c?
59
In base 4, what is 2121 - -1?
2122
In base 12, what is 1b8 + 5?
201
In base 15, what is -12 + 7?
-a
In base 12, what is 129 - -4?
131
In base 8, what is -2 + 24?
22
In base 10, what is -6429 - -2?
-6427
In base 12, what is -1b + -268?
-287
In base 2, what is -1 - 111101000?
-111101001
In base 14, what is 3 - 49?
-46
In base 8, what is 1403 - 10?
1373
In base 15, what is -5 - -134?
12e
In base 12, what is b4 - -4?
b8
In base 6, what is 5 - -541?
550
In base 11, what is 6 + 1?
7
In base 8, what is 116 + 2?
120
In base 4, what is -3 - 11023?
-11032
In base 14, what is -373 - -3?
-370
In base 2, what is -11110011 - -101?
-11101110
In base 3, what is -212 - 1110?
-2022
In base 6, what is 442 + -4?
434
In base 3, what is 212 - 1011?
-22
In base 8, what is -2 + 25?
23
In base 9, what is 3 - -44?
47
In base 9, what is 8 + -21?
-12
In base 13, what is 43 + -63?
-20
In base 14, what is -2b95 - -5?
-2b90
In base 5, what is -1311 + -1?
-1312
In base 8, what is -1257 - 2?
-1261
In base 5, what is -1111 + -142?
-1303
In base 3, what is 100101120 - -2?
100101122
In base 11, what is 10 - -17?
27
In base 3, what is -2 - -121?
112
In base 12, what is 4 - -906?
90a
In base 15, what is 3 - 46?
-43
In base 10, what is -119 - -10?
-109
In base 16, what is 90bc - 5?
90b7
In base 13, what is -168 - -16?
-152
In base 4, what is 31 - 2211?
-2120
In base 14, what is -49 + -10?
-59
In base 15, what is -11 + -91?
-a2
In base 11, what is -5 - -91?
87
In base 5, what is 3 - -112?
120
In base 11, what is -6 + -25?
-30
In base 13, what is -180 - 22?
-1a2
In base 12, what is -a1 - -1?
-a0
In base 14, what is 7a - -3a?
b6
In base 14, what is 3 - -39a?
39d
In base 10, what is -2193 - -5?
-2188
In base 6, what is 5 + 103?
112
In base 7, what is -234 - -22?
-212
In base 8, what is -551 + -4?
-555
In base 12, what is 3498 + 4?
34a0
In base 4, what is 201000 + 10?
201010
In base 5, what is 44 + 2404?
3003
In base 6, what is 1 + -52?
-51
In base 13, what is 29 - 63?
-37
In base 4, what is 103202 + 11?
103213
In base 2, what is 1010011101 - 1?
1010011100
In base 14, what is -2d + 6a?
3b
In base 16, what is -31b + -3?
-31e
In base 2, what is 111101110 - -10100?
1000000010
In base 5, what is -1204 - 2?
-1211
In base 14, what is 2 + -5c?
-5a
In base 12, what is -38b + -3?
-392
In base 6, what is 3 + -3?
0
In base 8, what is 2 + 6461?
6463
In base 11, what is -24 - -3?
-21
In base 4, what is -11 - 30033?
-30110
In base 6, what is -13 + -10131?
-10144
In base 7, what is -361 + 2?
-356
In base 4, what is -100 + 200?
100
In base 13, what is 710 - -3?
713
In base 7, what is -200 + 54?
-113
In base 3, what is 12 - 10?
2
In base 8, what is 140 - -101?
241
In base 9, what is -24 + -108?
-133
In base 10, what is -979 - 14?
-993
In base 13, what is -68 - 16?
-81
In base 5, what is -124 + 1211?
1032
In base 9, what is 4 - 850?
-845
In base 10, what is 1513 - 8?
1505
In base 7, what is -10 + 4515?
4505
In base 2, what is 1011 + -10?
1001
In base 8, what is 127 - 31?
76
In base 13, what is 25 - 0?
25
In base 12, what is -25 + -1?
-26
In base 9, what is -3 - 125?
-128
In base 11, what is -614 + -4?
-618
In base 15, what is 1 - 61?
-60
In base 13, what is -c9 + 32?
-97
In base 9, what is 1400 - 13?
1376
In base 5, what is -10 - -113?
103
In base 15, what is -11 + -a7?
-b8
In base 16, what is 6e + -37?
37
In base 8, what is 1213 - -1?
1214
In base 14, what is 18 - -4b?
65
In base 11, what is -4 - 289?
-292
In base 8, what is -105 + -22?
-127
In base 13, what is 6 + -218?
-212
In base 8, what is 621 - -3?
624
In base 14, what is -6 - -1a5?
19d
In base 12, what is -259 + -3?
-260
In base 8, what is -5 + -104?
-111
In base 3, what is 120 - -101?
221
In base 8, what is -115 + 2?
-113
In base 12, what is 189 - 3?
186
In base 5, what is -33 + 431?
343
In base 13, what is 10b0 + 2?
10b2
In base 10, what is -51 + 2?
-49
In base 10, what is 8 + -331?
-323
In base 13, what is 4 + a7?
ab
In base 5, what is -10 + 202?
142
In base 4, what is 20 - 1002?
-322
In base 9, what is -4 - -5378?
5374
In base 7, what is 11 - -1425?
1436
In base 7, what is 0 - 1310?
-1310
In base 3, what is -2 + 1120?
1111
In base 8, what is -144 + -4?
-150
In base 9, what is 1 + 244?
245
In base 4, what is -21113 + 30?
-21023
In base 8, what is 314 + -4?
310
In base 4, what is -11 - -31?
20
In base 12, what is 125b + -2?
1259
In base 15, what is b + 94?
a0
In base 5, what is 4 + 22?
31
In base 12, what is -149 + -2?
-14b
In base 13, what is -246 + -3?
-249
In base 9, what is -3 + 8?
5
In base 2, what is -1001011111 + -1100?
-1001101011
In base 7, what is -2142 + 1?
-2141
In base 7, what is -1311 - 3?
-1314
In base 2, what is 1111000 + 101?
1111101
In base 15, what is -4 - -2cb?
2c7
In base 9, what is -5 - 766?
-772
In base 13, what is 32 - -2?
34
In base 4, what is -103 - 1320?
-2023
In base 7, what is 0 - 66?
-66
In base 13, what is -7a - 24?
-a1
In base 14, what is 23 - 5?
1c
In base 4, what is -3301 + -1?
-3302
In base 3, what is 110000 + -2?
102221
In base 8, what is -351 - 7?
-360
In base 8, what is -4551 - 5?
-4556
In base 6, what is 5 + 452?
501
In base 12, what is 1 - 11a?
-119
In base 7, what is 2452 - -22?
2504
In base 16, what is 5 - 552?
-54d
In base 13, what is 1 + 6c?
70
In base 13, what is -17b + -3?
-181
In base 16, what is 4 - -21?
25
In base 16, what is c - -d7?
e3
In base 10, what is 25 + -182?
-157
In base 2, what is 0 + 10101111010?
10101111010
In base 16, what is -6 - 5e?
-64
In base 12, what is -